t is the hundreds digit of l?
1
Let y(c) = -c**3 + 7*c**2. Let v be y(7). Suppose m + 3*m - 64 = v. What is the tens digit of m?
1
Suppose -4*a = -3*a - 21. Suppose b + a = 3*c - 2*b, 5*c = 3*b + 29. What is the units digit of c?
4
Suppose -2*k + 435 = 111. What is the tens digit of k?
6
Let v(g) = -g**2 - 6*g - 2. Let h be v(-4). Suppose 0 = -2*i - h, 6*u - u + i - 92 = 0. What is the tens digit of u?
1
Let q(h) be the first derivative of h**6/30 + h**5/120 - h**3/3 + 1. Let r(y) be the third derivative of q(y). What is the tens digit of r(-1)?
1
Suppose -2*x + 2 = 5*t, 8 = t - 5*t - 4*x. Suppose 0*y = -y + 3*s, t*y = -s. Suppose y = 3*k - 36 - 0. What is the units digit of k?
2
Suppose 2*q - 5*w = 85, -5*w + 0*w + 25 = 0. Suppose -q = -n - 4*n. What is the tens digit of n?
1
Suppose -13*z = -64 - 3199. What is the tens digit of z?
5
Let s(u) = 12*u - 3. What is the units digit of s(7)?
1
Let m(y) = -y**2 - 8*y - 3. Let p be m(-9). What is the units digit of (-6)/(-4)*(0 - p)?
8
Let d be ((-7)/(-1))/((-3)/12). Let m = d + 45. What is the units digit of m?
7
Suppose u - 119 = -3*a, -152 = -4*a + 5*u - 3*u. What is the units digit of a?
9
Suppose -67 = -o - h, -4*h - 250 = -4*o - 2*h. What is the units digit of o?
4
Suppose -2*j + 5 = -3*m - 5, -2*m + 20 = 4*j. Suppose -3*z + 5 = -0*z - 2*c, -4*z - j*c = -45. What is the units digit of (1 - 0)*(z + -1)?
4
Suppose 10*i = 5*i + b + 8, 2*i - 3*b = -2. Let d be ((-10)/4 - i)*6. Let u = d - -40. What is the units digit of u?
3
Let n = -5 + 7. Let k(b) = 7*b + 1. What is the tens digit of k(n)?
1
Let z be (-8 + 6)*(-2 + 0). What is the units digit of 4/(-16)*z*-2?
2
Let i(d) = -d - 3. Let l(r) = r**3 + 1. Let q be l(1). Suppose q*b - 3*t + 13 = -2*t, -4*b - 27 = -3*t. What is the units digit of i(b)?
3
Suppose 3*o - u - 9 = 0, 2*o + 4*u - 3*u - 1 = 0. What is the units digit of o?
2
Let g(q) = 2*q**2 - 6. Let v be g(-7). Let y = -55 + v. What is the units digit of y?
7
Suppose 7*o - 3*o = 568. What is the hundreds digit of o?
1
Let w(r) = -r**2 + 10*r - 6. Let h be w(4). Let o = 3 + -3. Suppose 4*i - 22 - h = o. What is the units digit of i?
0
Let p(b) = -b - 3. Let v be p(0). Suppose 5*k + 2*k = -42. Let s = v - k. What is the units digit of s?
3
What is the units digit of 2/(-7) + (-1014)/(-21)?
8
Suppose 4*q = -3*p - 23, -4*p - q - 9 = -0*q. Let u = p - -2. What is the units digit of u?
1
Let y(d) = d + 17. Let s be y(-9). Let x = s + -1. Suppose 3*q + 3*w = -x + 1, 0 = 3*w + 12. What is the units digit of q?
2
Let s(i) = i. Let k be s(5). Suppose 11 = k*f - 9. Suppose 5*r - 50 = -5*b, 8*b - 2*r - 10 = f*b. What is the units digit of b?
5
Let h be (12/15)/((-2)/10). Let d = h - -21. Suppose 0 = 4*a - 41 + d. What is the units digit of a?
6
Let j(l) = 61*l**3 - l. What is the units digit of j(1)?
0
Suppose 52 = -2*i + 522. What is the units digit of i?
5
Let v = 11 - 10. What is the units digit of 29/7 - v/7?
4
Suppose 0 = -5*r - 15, -2*r = n + r - 4. What is the units digit of (-3 + 12/3)*n?
3
Let k be 35/(-3) + 1/(-3). Suppose -6*u + 40 = -2*u. What is the units digit of k/(-5) + u/(-25)?
2
Let x be 2/4 - (-2)/(-4). Suppose -4*a = x, -a + 14 + 1 = 3*p. What is the units digit of p?
5
Let c = 1 - -24. Suppose -m = -2 - 2. Suppose -m*n + 19 = -c. What is the tens digit of n?
1
Let t(l) = 2*l**3 - 3*l**2 + 2. Let h be (30/(-21))/(1/(-7)). Let z = h + -8. What is the units digit of t(z)?
6
Let y(h) = -h**3 + 4*h**2 + h - 4. Let a be y(3). Suppose a = 2*p + 2*p. Suppose 0 = 2*v + p*v - 20. What is the units digit of v?
5
Suppose -9 - 6 = -5*v. Suppose 4*p - 31 = -5*g, -3*p + v*g - 7 + 37 = 0. What is the units digit of p?
9
What is the units digit of (3 + 1)*(12 + -4)?
2
Suppose 27 = 4*y - 5*q, -2*y + 2*q - 7*q = 9. Let a = 106 + -62. Suppose -y*t + v - 1 = -a, -2*t = 4*v - 52. What is the units digit of t?
6
Let t = 21 + -8. What is the units digit of t?
3
Let r(i) = -i + 11. Let f be r(8). Suppose s = f*w - 74, 4*w = 2*w + 5*s + 32. What is the units digit of w?
6
Let x be 393/2 - 1/(-2). Let o = -113 + x. Suppose -3*w = 5*u - o, -2*w - 6 - 3 = -u. What is the tens digit of u?
1
Let v = 63 - 90. Let q be -2*v/(-6) - -1. What is the units digit of q/5*10/(-4)?
4
What is the units digit of (-10)/(-4)*14/35?
1
Suppose 0 = 5*w - 8*w. Suppose -6*m + 261 - 51 = w. What is the units digit of m?
5
Let p(w) = 6*w + 1. Let h = 7 - 5. What is the units digit of p(h)?
3
Suppose 0 = p + 4*p + 575. What is the units digit of (-4)/14 - p/35?
3
Let k(u) = u**2 - 2. Let y(o) = -o**2 - 3*o - 4. Let p be y(-3). What is the units digit of k(p)?
4
Let y = -23 - -107. Suppose 0 = -w - 2 + 4, -y = -5*c + 3*w. What is the units digit of c?
8
Let v(d) = -4*d + 3. Let k(h) = 17*h - 13. Let o(b) = -2*k(b) - 9*v(b). What is the units digit of o(1)?
1
Let k be -3 + -7 + 1 + 0. Let d be 4/(-6)*k/3. Suppose 4*m + d = 30. What is the units digit of m?
7
Let b(f) be the first derivative of f**4/4 - f**3/3 - 5*f**2/2 + 2*f - 3. What is the units digit of b(3)?
5
Let i(a) = a**2 - 3*a - 2. Suppose 20 = -2*x + 2*l, -4*x + 5*l - 28 = 17. Let t be (0 - -1) + (-1 - x). What is the units digit of i(t)?
8
Let l(w) = 13*w + 23. Let f(v) = -9*v - 15. Let o(u) = -8*f(u) - 5*l(u). Let b(h) = -3*h - 2. Let a(t) = -9*b(t) - 4*o(t). What is the units digit of a(-6)?
4
Let z(j) = 2*j**2 + j - 7. What is the tens digit of z(-5)?
3
Suppose 2*b + 4*z - 34 = 0, b + 0*b - 4*z - 11 = 0. Suppose 7*u = 2*u + b. Suppose 0 = n + l - u*l, 5*n - 2*l = 16. What is the units digit of n?
4
Let d(g) = 59*g + 63. What is the tens digit of d(6)?
1
Let l = 552 - 170. What is the tens digit of l?
8
Let s(o) = -15*o + 5. What is the units digit of s(-4)?
5
Let v(h) = h**3 - 6*h**2 - 6*h. Let q(m) = m**3 + m**2 - m - 8. Let k be q(0). Let p be (-54)/(-8) - 2/k. What is the units digit of v(p)?
7
Let x(j) = 5*j**2 - 2*j + 1. Let r be x(1). Let m be (-8)/(r/(1 - 3)). Suppose 5*v = -5*h + 10, 3*v - 8*v = m*h - 12. What is the units digit of v?
4
Let h(f) = -f**3 + 16*f**2 - 6*f - 9. Let m be h(7). What is the tens digit of (-6)/18 - m/(-9)?
4
What is the units digit of (-5)/((-18)/6*2/66)?
5
Let s = 109 - 105. What is the units digit of s?
4
Let n = -6 + 0. What is the units digit of (9/n)/(6/(-68))?
7
Let d = 8 - -1. Let l = d - 6. What is the units digit of l?
3
Suppose -18*v = -17*v - 38. What is the tens digit of v?
3
Let x = -23 + 19. What is the tens digit of 8/(-12)*198/x?
3
Let t be 8/28 + (-540)/(-21). Suppose 2*k = q - 41 + 1, -5*k = q - t. What is the units digit of q?
6
Let z = -13 + 18. Suppose z*r = 14 + 66. Suppose -w - 6 + r = i, 0 = -5*w + 15. What is the units digit of i?
7
Suppose 3*k - 8*k - 5 = 0. Let h be k + (-27)/(9/(-3)). Let b = -6 + h. What is the units digit of b?
2
Suppose 3*a + 18 + 24 = 0. Suppose 110 = 3*v + 2*v. Let l = a + v. What is the units digit of l?
8
Let h be 1608/(-18) + (-2)/3. What is the units digit of h/(-14) + 44/77?
7
Let w(r) = 61*r**2 - r + 1. What is the units digit of w(-1)?
3
Let k(h) = -59*h**3 + h. Let j be k(1). Let a = j - -84. What is the tens digit of a?
2
Let u = 44 + -31. Let t = u - 9. What is the units digit of t?
4
Suppose -2*y - 2*s = -6*y + 12, -2*y + 2 = s. Let o be -2 + y + 0 + 5. Let t = o + -3. What is the units digit of t?
2
Let q = 1 - -1. Let y = 1 + -1. Let x = q + y. What is the units digit of x?
2
Let c(h) = -h**2 - 9*h + 1. Let g be ((-22)/6 + 3)*-18. Suppose i = 4 - g. What is the units digit of c(i)?
9
Let x = 14 + -10. Let p be -1 - (-3)/((-6)/(-8)). Suppose x*w - 5*n = 5*w + 16, -p*n - 12 = 0. What is the units digit of w?
4
Let k be ((-1)/2)/(3/(-36)). Let f be 8/(-6)*k/(-4). Suppose 2*w + 4*h - 18 = 0, 0 = w + 3*w - f*h - 36. What is the units digit of w?
9
Let p(k) = k**3 - 3*k**2 + 3*k - 2. Let j be p(3). Let y = j - 4. Suppose f - 15 = y*v + 2*v, -f - 4*v = 3. What is the units digit of f?
5
Let c(s) = s + 8. Let b be c(0). Suppose 0 = k + w + 3*w - b, 5*k - 5*w - 15 = 0. What is the units digit of k?
4
Let x be (-4)/22 - 92/(-22). Suppose x + 6 = 2*q + 3*f, 2*f - 2 = q. Suppose q*n - l - l - 10 = 0, 3*n - 2*l - 16 = 0. What is the units digit of n?
6
Let o = 63 + 6. What is the units digit of o?
9
Suppose 0 = 4*s - 6*f + f + 195, s = -5*f - 55. Let u = 83 + s. What is the tens digi